{"id":63,"date":"2016-11-04T13:46:31","date_gmt":"2016-11-04T12:46:31","guid":{"rendered":"http:\/\/jenuka.de\/?page_id=63"},"modified":"2022-11-17T10:41:24","modified_gmt":"2022-11-17T09:41:24","slug":"willkommen","status":"publish","type":"page","link":"https:\/\/jenuka.de\/","title":{"rendered":"Willkommen"},"content":{"rendered":"<p><span style=\"color: #333333; font-size: revert;\">Sie &#8211; ob privat oder f\u00fcr eine Firma &#8211; haben Ideen, k\u00f6nnen aber die Machbarkeit und die voraussichtlichen Kosten nicht einsch\u00e4tzen?<\/span><\/p>\n<p><span style=\"color: #333333;\">Nach der <a style=\"color: #333333;\" href=\"https:\/\/www.baukammerberlin.de\/wp-content\/uploads\/2012\/07\/BO-aktuell-21.05.121.pdf\">Berufsordnung<\/a> der Baukammer Berlin werden Sie hier unabh\u00e4ngig, eigenverantwortlich, selbst\u00e4ndig, gewissenhaft sowie unter Ausschluss von Handels-, Produktions- und Lieferinteressen beraten.<\/span><\/p>\n<p><span style=\"color: #333333;\"><b>Das bedeutet<\/b>, dass Sie <b>in<\/b> <b>Ihrem Interesse<\/b> Unterst\u00fctzung finden. Unabh\u00e4ngig davon, welche ausf\u00fchrende Firma, welchen H\u00e4ndler, Hersteller oder Lieferanten Sie sp\u00e4ter w\u00e4hlen. Hier geht es allein um Ihre Kundeninteressen und technisch sowie wirtschaftlich sinnvolle L\u00f6sungen.<\/span><\/p>\n<hr \/>\n\n\n<h1>was Sie von mir erwarten k\u00f6nnen<\/h1>\n\n\n\n<div class=\"is-layout-flex wp-container-4 wp-block-columns\">\n<div class=\"is-layout-flow wp-block-column\">\n<div class=\"wp-block-cover is-light\" style=\"min-height:300px\"><span aria-hidden=\"true\" class=\"wp-block-cover__background has-base-3-background-color has-background-dim\"><\/span><img decoding=\"async\" loading=\"lazy\" width=\"2560\" height=\"1024\" class=\"wp-block-cover__image-background wp-image-310\" alt=\"\" src=\"https:\/\/jenuka.de\/wp-content\/uploads\/2022\/11\/AdobeStock_411536952-scaled.jpeg\" data-object-fit=\"cover\" srcset=\"https:\/\/jenuka.de\/wp-content\/uploads\/2022\/11\/AdobeStock_411536952-scaled.jpeg 2560w, https:\/\/jenuka.de\/wp-content\/uploads\/2022\/11\/AdobeStock_411536952-300x120.jpeg 300w, https:\/\/jenuka.de\/wp-content\/uploads\/2022\/11\/AdobeStock_411536952-1024x410.jpeg 1024w, https:\/\/jenuka.de\/wp-content\/uploads\/2022\/11\/AdobeStock_411536952-768x307.jpeg 768w, https:\/\/jenuka.de\/wp-content\/uploads\/2022\/11\/AdobeStock_411536952-1536x615.jpeg 1536w, https:\/\/jenuka.de\/wp-content\/uploads\/2022\/11\/AdobeStock_411536952-2048x819.jpeg 2048w\" sizes=\"(max-width: 2560px) 100vw, 2560px\" \/><div class=\"wp-block-cover__inner-container\">\n<p class=\"has-text-align-center\" style=\"font-size:28px\"><strong><a href=\"https:\/\/jenuka.de\/?page_id=391\">Leistungen<\/a><\/strong><\/p>\n<\/div><\/div>\n<\/div>\n\n\n\n<div class=\"is-layout-flow wp-block-column\">\n<div class=\"wp-block-cover is-light\" style=\"min-height:300px\"><span aria-hidden=\"true\" class=\"wp-block-cover__background has-base-3-background-color has-background-dim\"><\/span><img decoding=\"async\" loading=\"lazy\" width=\"2560\" height=\"1707\" class=\"wp-block-cover__image-background wp-image-305\" alt=\"\" src=\"https:\/\/jenuka.de\/wp-content\/uploads\/2022\/11\/AdobeStock_101445757-scaled.jpeg\" data-object-fit=\"cover\" srcset=\"https:\/\/jenuka.de\/wp-content\/uploads\/2022\/11\/AdobeStock_101445757-scaled.jpeg 2560w, https:\/\/jenuka.de\/wp-content\/uploads\/2022\/11\/AdobeStock_101445757-300x200.jpeg 300w, https:\/\/jenuka.de\/wp-content\/uploads\/2022\/11\/AdobeStock_101445757-1024x683.jpeg 1024w, https:\/\/jenuka.de\/wp-content\/uploads\/2022\/11\/AdobeStock_101445757-768x512.jpeg 768w, https:\/\/jenuka.de\/wp-content\/uploads\/2022\/11\/AdobeStock_101445757-1536x1024.jpeg 1536w, https:\/\/jenuka.de\/wp-content\/uploads\/2022\/11\/AdobeStock_101445757-2048x1365.jpeg 2048w\" sizes=\"(max-width: 2560px) 100vw, 2560px\" \/><div class=\"wp-block-cover__inner-container\">\n<p class=\"has-text-align-center\" style=\"font-size:28px\"><strong><a href=\"https:\/\/jenuka.de\/?page_id=2\" data-type=\"URL\" data-id=\"https:\/\/jenuka.de\/?page_id=2\">Brandschutz<\/a><\/strong><\/p>\n<\/div><\/div>\n<\/div>\n\n\n\n<div class=\"is-layout-flow wp-block-column\">\n<div class=\"wp-block-cover is-light\" style=\"min-height:300px\"><span aria-hidden=\"true\" class=\"wp-block-cover__background has-base-3-background-color has-background-dim\"><\/span><img decoding=\"async\" loading=\"lazy\" width=\"2560\" height=\"1703\" class=\"wp-block-cover__image-background wp-image-308\" alt=\"\" src=\"https:\/\/jenuka.de\/wp-content\/uploads\/2022\/11\/AdobeStock_359683295-scaled.jpeg\" data-object-fit=\"cover\" srcset=\"https:\/\/jenuka.de\/wp-content\/uploads\/2022\/11\/AdobeStock_359683295-scaled.jpeg 2560w, https:\/\/jenuka.de\/wp-content\/uploads\/2022\/11\/AdobeStock_359683295-300x200.jpeg 300w, https:\/\/jenuka.de\/wp-content\/uploads\/2022\/11\/AdobeStock_359683295-1024x681.jpeg 1024w, https:\/\/jenuka.de\/wp-content\/uploads\/2022\/11\/AdobeStock_359683295-768x511.jpeg 768w, https:\/\/jenuka.de\/wp-content\/uploads\/2022\/11\/AdobeStock_359683295-1536x1022.jpeg 1536w, https:\/\/jenuka.de\/wp-content\/uploads\/2022\/11\/AdobeStock_359683295-2048x1363.jpeg 2048w\" sizes=\"(max-width: 2560px) 100vw, 2560px\" \/><div class=\"wp-block-cover__inner-container\">\n<p class=\"has-text-align-center\" style=\"font-size:28px\"><strong><a href=\"https:\/\/jenuka.de\/?page_id=60\">Geb\u00e4udebestand<\/a><\/strong><\/p>\n<\/div><\/div>\n<\/div>\n<\/div>\n","protected":false},"excerpt":{"rendered":"<p>Sie &#8211; ob privat oder f\u00fcr eine Firma &#8211; haben Ideen, k\u00f6nnen aber die Machbarkeit und die voraussichtlichen Kosten nicht einsch\u00e4tzen? Nach der Berufsordnung der Baukammer Berlin werden Sie hier unabh\u00e4ngig, eigenverantwortlich, selbst\u00e4ndig, gewissenhaft sowie unter Ausschluss von Handels-, Produktions- und Lieferinteressen beraten. Das bedeutet, dass Sie in Ihrem Interesse Unterst\u00fctzung finden. Unabh\u00e4ngig davon, welche &#8230; <a title=\"Willkommen\" class=\"read-more\" href=\"https:\/\/jenuka.de\/\" aria-label=\"Mehr dazu unter Willkommen\">Weiterlesen<\/a><\/p>\n","protected":false},"author":1,"featured_media":0,"parent":0,"menu_order":0,"comment_status":"closed","ping_status":"closed","template":"","meta":[],"_links":{"self":[{"href":"https:\/\/jenuka.de\/index.php?rest_route=\/wp\/v2\/pages\/63"}],"collection":[{"href":"https:\/\/jenuka.de\/index.php?rest_route=\/wp\/v2\/pages"}],"about":[{"href":"https:\/\/jenuka.de\/index.php?rest_route=\/wp\/v2\/types\/page"}],"author":[{"embeddable":true,"href":"https:\/\/jenuka.de\/index.php?rest_route=\/wp\/v2\/users\/1"}],"replies":[{"embeddable":true,"href":"https:\/\/jenuka.de\/index.php?rest_route=%2Fwp%2Fv2%2Fcomments&post=63"}],"version-history":[{"count":16,"href":"https:\/\/jenuka.de\/index.php?rest_route=\/wp\/v2\/pages\/63\/revisions"}],"predecessor-version":[{"id":476,"href":"https:\/\/jenuka.de\/index.php?rest_route=\/wp\/v2\/pages\/63\/revisions\/476"}],"wp:attachment":[{"href":"https:\/\/jenuka.de\/index.php?rest_route=%2Fwp%2Fv2%2Fmedia&parent=63"}],"curies":[{"name":"wp","href":"https:\/\/api.w.org\/{rel}","templated":true}]}}