{"id":17,"date":"2016-11-04T11:40:45","date_gmt":"2016-11-04T10:40:45","guid":{"rendered":"http:\/\/jenuka.de\/?page_id=17"},"modified":"2022-11-17T09:40:54","modified_gmt":"2022-11-17T08:40:54","slug":"mit-wem-sie-es-zu-tun-haben","status":"publish","type":"page","link":"https:\/\/jenuka.de\/?page_id=17","title":{"rendered":"mit wem Sie es zu tun haben"},"content":{"rendered":"\n<div class=\"is-layout-flex wp-container-3 wp-block-columns\">\n<div class=\"is-layout-flow wp-block-column\">\n<figure class=\"wp-block-image size-full is-resized\"><img decoding=\"async\" loading=\"lazy\" src=\"https:\/\/jenuka.de\/wp-content\/uploads\/2016\/11\/J_Uka-1.jpg\" alt=\"\" class=\"wp-image-18\" width=\"455\" height=\"609\" srcset=\"https:\/\/jenuka.de\/wp-content\/uploads\/2016\/11\/J_Uka-1.jpg 555w, https:\/\/jenuka.de\/wp-content\/uploads\/2016\/11\/J_Uka-1-224x300.jpg 224w\" sizes=\"(max-width: 455px) 100vw, 455px\" \/><\/figure>\n<\/div>\n\n\n\n<div class=\"is-layout-flow wp-block-column\">\n<p><\/p>\n\n\n\n<p><\/p>\n\n\n\n<p><\/p>\n\n\n\n<p><\/p>\n\n\n\n<p><\/p>\n\n\n\n<p><strong>Jennifer Uka<\/strong><\/p>\n\n\n\n<p class=\"has-text-align-left\">Halker Zeile 126<\/p>\n\n\n\n<p class=\"has-text-align-left\">12305 Berlin<\/p>\n\n\n\n<p class=\"has-text-align-left\">Telefon: +49 (0)30 &#8211; 32 59 22 16<\/p>\n\n\n\n<p class=\"has-text-align-left\">Telefax: +49 (0)30 &#8211; 32 59 22 17<\/p>\n\n\n\n<h4 class=\"has-text-align-left\">&nbsp;<a href=\"mailto:ing@jenuka.de\">Mail: ing@jenuka.de<\/a><\/h4>\n<\/div>\n<\/div>\n\n\n\n<hr class=\"wp-block-separator has-text-color has-contrast-3-color has-alpha-channel-opacity has-contrast-3-background-color has-background is-style-wide\"\/>\n\n\n\n<div class=\"is-layout-flex wp-container-9 wp-block-columns are-vertically-aligned-top\">\n<div class=\"is-layout-flow wp-block-column is-vertically-aligned-top\">\n<div class=\"is-vertical is-layout-flex wp-container-6 wp-block-group\">\n<p><strong>Mitglied der&nbsp;Baukammer Berlin als Beratende Ingenieurin<\/strong><\/p>\n\n\n\n<div class=\"is-vertical is-layout-flex wp-container-4 wp-block-group\">\n<p>K\u00f6rperschaft des \u00f6ffentlichen Rechts<\/p>\n\n\n\n<p>Gutsmuthsstra\u00dfe 24, 12163 Berlin<\/p>\n\n\n\n<p>Telefon: +49 (0)30-79 74 43 00, Telefax: +49 (0)30 79 74 43 29 <\/p>\n\n\n\n<p>Internet: <a href=\"http:\/\/www.baukammer-berlin.de\">http:\/\/www.baukammer-berlin.de<\/a><\/p>\n<\/div>\n\n\n\n<p>. . .&nbsp; Mitglied der Fachgruppen 1 (stellv. Fachgruppensprecherin) und 6 sowie der Vertreterversammlung, des Baurechts- und des Mitgliederausschusses<\/p>\n\n\n\n<p><strong>Bauvorlageberechtigung<\/strong><\/p>\n\n\n\n<p>gem\u00e4\u00df \u00a7 66(2) in Verbindung mit \u00a7 66(5) der Bauordnung f\u00fcr Berlin<\/p>\n\n\n\n<p><strong>Nachweisberechtigung f\u00fcr Brandschutz in Th\u00fcringen<\/strong><\/p>\n\n\n\n<div class=\"is-vertical is-layout-flex wp-container-5 wp-block-group\">\n<p>gem\u00e4\u00df \u00a7 63 d Th\u00fcringer Bauordnung, <\/p>\n\n\n\n<p>N\u00e4heres unter <a href=\"http:\/\/www.thueringer-bauordnung.de\">www.thueringer-bauordnung.de<\/a><\/p>\n<\/div>\n<\/div>\n<\/div>\n\n\n\n<div class=\"is-layout-flow wp-block-column is-vertically-aligned-top\">\n<div class=\"wp-block-cover has-custom-content-position is-position-bottom-center\" style=\"min-height:267px\"><span aria-hidden=\"true\" class=\"wp-block-cover__background has-base-background-color has-background-dim-90 has-background-dim\"><\/span><img decoding=\"async\" loading=\"lazy\" width=\"910\" height=\"656\" class=\"wp-block-cover__image-background wp-image-447\" alt=\"\" src=\"https:\/\/jenuka.de\/wp-content\/uploads\/2022\/11\/Icon_Lebenslauf2-03.png\" data-object-fit=\"cover\" srcset=\"https:\/\/jenuka.de\/wp-content\/uploads\/2022\/11\/Icon_Lebenslauf2-03.png 910w, https:\/\/jenuka.de\/wp-content\/uploads\/2022\/11\/Icon_Lebenslauf2-03-300x216.png 300w, https:\/\/jenuka.de\/wp-content\/uploads\/2022\/11\/Icon_Lebenslauf2-03-768x554.png 768w\" sizes=\"(max-width: 910px) 100vw, 910px\" \/><div class=\"wp-block-cover__inner-container\">\n<p><\/p>\n\n\n\n<p><\/p>\n\n\n\n<p><\/p>\n\n\n\n<p><\/p>\n\n\n\n<p><\/p>\n\n\n\n<p class=\"has-text-align-center has-large-font-size\"><a href=\"https:\/\/jenuka.de\/?page_id=379\">Lebenslauf<\/a><\/p>\n\n\n\n<p><\/p>\n<\/div><\/div>\n<\/div>\n<\/div>\n","protected":false},"excerpt":{"rendered":"<p>Jennifer Uka Halker Zeile 126 12305 Berlin Telefon: +49 (0)30 &#8211; 32 59 22 16 Telefax: +49 (0)30 &#8211; 32 59 22 17 &nbsp;Mail: ing@jenuka.de Mitglied der&nbsp;Baukammer Berlin als Beratende Ingenieurin K\u00f6rperschaft des \u00f6ffentlichen Rechts Gutsmuthsstra\u00dfe 24, 12163 Berlin Telefon: +49 (0)30-79 74 43 00, Telefax: +49 (0)30 79 74 43 29 Internet: http:\/\/www.baukammer-berlin.de . &#8230; <a title=\"mit wem Sie es zu tun haben\" class=\"read-more\" href=\"https:\/\/jenuka.de\/?page_id=17\" aria-label=\"Mehr dazu unter mit wem Sie es zu tun haben\">Weiterlesen<\/a><\/p>\n","protected":false},"author":1,"featured_media":0,"parent":0,"menu_order":0,"comment_status":"closed","ping_status":"closed","template":"","meta":[],"_links":{"self":[{"href":"https:\/\/jenuka.de\/index.php?rest_route=\/wp\/v2\/pages\/17"}],"collection":[{"href":"https:\/\/jenuka.de\/index.php?rest_route=\/wp\/v2\/pages"}],"about":[{"href":"https:\/\/jenuka.de\/index.php?rest_route=\/wp\/v2\/types\/page"}],"author":[{"embeddable":true,"href":"https:\/\/jenuka.de\/index.php?rest_route=\/wp\/v2\/users\/1"}],"replies":[{"embeddable":true,"href":"https:\/\/jenuka.de\/index.php?rest_route=%2Fwp%2Fv2%2Fcomments&post=17"}],"version-history":[{"count":49,"href":"https:\/\/jenuka.de\/index.php?rest_route=\/wp\/v2\/pages\/17\/revisions"}],"predecessor-version":[{"id":466,"href":"https:\/\/jenuka.de\/index.php?rest_route=\/wp\/v2\/pages\/17\/revisions\/466"}],"wp:attachment":[{"href":"https:\/\/jenuka.de\/index.php?rest_route=%2Fwp%2Fv2%2Fmedia&parent=17"}],"curies":[{"name":"wp","href":"https:\/\/api.w.org\/{rel}","templated":true}]}}